m - (-76)/6)?
False
Let o(v) = v**2 - v. Let j be o(-1). Is 7 a factor of (j - 1) + (-3 - -14)?
False
Let w be (-1)/(-1)*(0 + 0). Let z = 2 + w. Suppose -z = -4*b + 5*h + 34, 2*b = -h + 32. Is 14 a factor of b?
True
Suppose -4*i = i - 2*z - 80, z = -4*i + 51. Is i even?
True
Suppose -2*f = 4, d = -f + 4 - 3. Suppose 0 = 5*x - 5, 0 = 2*o + d*x - 42 + 15. Does 4 divide o?
True
Let a(i) = i**2 - 7*i - 4. Let k be a(8). Suppose k*x - 58 = 70. Does 8 divide x?
True
Let s(h) be the second derivative of h**5/20 + 2*h**4/3 - h**3/3 - 5*h**2 - h. Let t(b) = -6*b + 4. Let r be t(2). Is s(r) even?
True
Suppose 53 + 211 = 5*z - 2*p, -3*z + 168 = 2*p. Is 11 a factor of z?
False
Let s(c) = -c**3 - 3*c**2 - c. Let r be s(-3). Suppose -y = h - 32, r*y = -4*h + 168 - 44. Is 16 a factor of h?
False
Let v(p) = -19*p + 25. Is 26 a factor of v(-11)?
True
Let t(j) = j + 1. Let s(h) = 10*h + 10. Let c(w) = -s(w) + 12*t(w). Let n(l) = l + 1. Let m(i) = -2*c(i) - 2*n(i). Is m(-4) a multiple of 8?
False
Let k be 35 - (-1 - (1 - 3)). Let s = 54 + -34. Let g = k - s. Does 6 divide g?
False
Suppose 3 = -2*l + 3*k - 2*k, 3 = l + k. Suppose -3*z = 5*i - 0*i - 1, 2*i + 8 = l. Is 5 a factor of z?
False
Let d(z) be the first derivative of -z**2/2 + 1. Let q be d(-3). Suppose 79 = q*s - 17. Is 16 a factor of s?
True
Let h(o) = 6*o - 3. Is h(18) a multiple of 21?
True
Suppose 0 = -4*i + 55 + 61. Is i a multiple of 17?
False
Let u be 146/9 + 2/(-9). Suppose 0*t + t = u. Is t a multiple of 16?
True
Let x be ((-4)/8)/(4/80). Is 14 a factor of ((-18)/(-15))/(x/(-425))?
False
Suppose -3*f = 2*c - 119, 0 = 3*c - 7*c + f + 259. Does 16 divide c?
True
Let u(f) = 7*f**2 - f. Let g be u(-1). Let i(p) = -p - 5*p - g + p. Does 19 divide i(-9)?
False
Let u = 1 + 2. Suppose 1 = -u*s + 7. Suppose -20 = -s*o - l + 3*l, -5*o - l = -56. Does 11 divide o?
True
Suppose -3*r - 17 + 101 = 0. Let f be (-8)/r - 296/(-7). Is 4*1*f/12 a multiple of 6?
False
Let d(b) = 3*b + 6. Is 14 a factor of d(12)?
True
Suppose 2*z + 5*d - 537 = 0, 0 = 4*d - d + 3. Is 29 a factor of z?
False
Suppose g - 41 - 23 = 0. Is g a multiple of 16?
True
Suppose -227 = -5*j + 98. Does 13 divide j?
True
Suppose 9 = -3*b, 0*u - 3*u - 5*b + 249 = 0. Let q = 7 + -5. Suppose 5*n + u = 3*w, -4*w + q*n - 5*n = -69. Does 15 divide w?
False
Let x be (-39)/(-2)*6/9. Let p = -7 + x. Is p a multiple of 3?
True
Let n(k) = -2*k - 2. Suppose 5*c + a = -22, -6*c + 4*c = -4*a. Is 3 a factor of n(c)?
True
Let a(o) = -61*o**3 + o**2 - o - 1. Does 31 divide a(-1)?
True
Let c = 23 + -12. Let z(x) = -x**3 + 11*x**2 + 2*x - 16. Is z(c) a multiple of 3?
True
Let l be 3*4/3 + 18. Suppose 3*i - 166 = -l. Does 16 divide i?
True
Let d = -7 - -7. Suppose -5*h + 0*h + 150 = d. Does 15 divide h?
True
Suppose 0 = 2*r - r. Suppose r = 2*f - 7*f + 30. Does 6 divide f?
True
Suppose 2*s = -5*w + 29, 2*w = -0*s + 2*s + 6. Let j be s + (-3 + 2)*-1. Suppose -y = -3*n - 20 + 7, 0 = -4*y + j*n + 79. Is 11 a factor of y?
True
Suppose 3*r - 2*x - 13 = -x, 4 = -x. Is -2 + 264/r - 3 a multiple of 26?
False
Let p(b) = -b**2 - 3*b + 2. Let r be p(-3). Suppose s = 31 + r. Is 21 a factor of s?
False
Let x(z) be the third derivative of z**8/20160 + z**7/560 - z**6/360 + z**5/15 - 4*z**2. Let l(b) be the third derivative of x(b). Does 9 divide l(-12)?
False
Suppose -c - y = -2*y - 17, -3*c = -y - 53. Is c a multiple of 6?
True
Let u be 5 + -6 + 13*1. Let n = 20 - u. Is n a multiple of 8?
True
Let d(w) = w**2 + 6*w + 2. Let z be d(-6). Let x be 17/3 - z/(-6). Suppose -v + x = -8. Is 14 a factor of v?
True
Suppose 19*x - 18*x = 54. Is x a multiple of 9?
True
Let r(d) = d - 9. Let k be r(5). Let w(v) = 2*v**2 - v - 3. Does 23 divide w(k)?
False
Suppose 289 = 4*r - 207. Suppose 0 = 2*n - r - 204. Suppose 3*h = 2*o - h - 64, -4*o - h = -n. Is 20 a factor of o?
True
Let f = -1 - -9. Suppose -f = -4*i, -i = o - 3*o + 22. Is 8 a factor of o?
False
Let v(b) = 153*b**2 + b + 1. Is 28 a factor of v(1)?
False
Let o be 0/2 - (10 + -3). Does 5 divide (-31)/(-3) - o/(-21)?
True
Suppose -4*a + 3 + 5 = 0. Suppose -2*z - 2 = -3*t + 7*t, -a*t = 2*z - 6. Is 7 a factor of z?
True
Does 4 divide 2*(3 + -4) + 26?
True
Let j = -2 - -2. Let a be 45/(-55) - 4/22. Is 20 - (j/a - 1) a multiple of 7?
True
Suppose 4*d - 1 = 3*t + 1, 0 = -2*t + 2*d. Suppose 2*r - 64 + 14 = -2*n, 0 = -4*r + t*n + 130. Does 10 divide r?
True
Suppose 12 = 2*u - 2*x + 6*x, 5*u = 4*x + 2. Suppose -h = 5, -3*p = -5*p + u*h - 66. Let l = -24 - p. Does 14 divide l?
True
Let v(f) = f - 2. Let w be v(2). Suppose 0 = 3*y - 2*p + 19 - 105, 5*p + 5 = w. Is 14 a factor of y?
True
Let i = -58 + 97. Suppose b - 5*t + 27 = 2*b, t = -b + i. Does 14 divide b?
True
Suppose -u + 0 - 1 = 0, 3*m + 3*u = 12. Is 18 a factor of (-1)/m - (-2353)/65?
True
Let v(q) = 36*q**2 + 3*q - 1. Is v(1) a multiple of 7?
False
Suppose 2 + 1 = -5*c - 3*x, 0 = 2*c + 3*x + 3. Suppose 5*p - 2*p - 12 = c. Is 12 a factor of 3/(-12) + 121/p?
False
Is 15 a factor of 1 + 1194/27 - 2/9?
True
Suppose -2*s = 4*k - s - 44, -5*s - 20 = -4*k. Is k a multiple of 2?
True
Suppose 3*o - 146 = 46. Is o a multiple of 16?
True
Let x(c) = -5 + 10 + 7*c**2 - 3 + 7 - 2*c - c**3. Is 11 a factor of x(6)?
True
Let x = 36 - 12. Is 6 a factor of x?
True
Let y = 83 - 49. Is 17 a factor of y?
True
Let d be 13/3 + 2/(-6). Let w be ((-3)/3)/((-2)/d). Suppose -28 = -z - w. Is 13 a factor of z?
True
Suppose -5*m + 7*g = 4*g - 933, 0 = 3*m + 5*g - 587. Suppose 0 = -2*b + 5*b - m. Let t = b - 36. Does 10 divide t?
False
Is 7 a factor of (4/6)/((-3)/(-117))?
False
Suppose 3*a + u = 7*a + 2, 3*a + 9 = -3*u. Is 1*(a + 36 - 2) a multiple of 11?
True
Let l(h) = -h**3 + 8*h**2 - h - 24. Is l(7) a multiple of 7?
False
Is -4*(2 - (-69)/(-12)) a multiple of 8?
False
Let j(g) = g - 2. Let q be j(6). Suppose 82 = q*s - 90. Suppose -2*m + 40 = -4*v, 3*m + s = 2*v + 103. Is m a multiple of 13?
False
Let o be 2 + (-4)/(-2) + 1. Let g(h) = h**2 - 5*h + 2. Let b be g(o). Is 6 a factor of (b + (-6)/4)*28?
False
Let v(k) = 2*k + 3. Let u be v(5). Suppose -2*z + 5*j + 9 = 0, u = 4*z + 2*j - 7*j. Does 15 divide (12/3)/z - -25?
False
Let t(o) = 4*o - 9. Suppose -r = -2*r + 6. Suppose -r = -2*b + 8. Is 8 a factor of t(b)?
False
Let w = -1 + 3. Suppose -h = 5*c - 5, -4*h = c - w*c + 22. Suppose 0 = -c*i + 5*n + 38, 3*i - 3*n + 4*n = 40. Is i a multiple of 14?
True
Suppose -2*r - 2 + 14 = -4*j, 2*j - 44 = -4*r. Is r a multiple of 4?
False
Suppose 2*q + 940 = -5*o, 2*o - 4*o - 1432 = 3*q. Let d be 7/(-5) - (-54)/(-90). Is 17 a factor of q/(-14) + d/7?
True
Suppose -3 = 5*t + 27. Is 15 a factor of (36/14)/(t/(-84))?
False
Suppose 5*r = 241 + 79. Suppose 0*i - w - r = -4*i, -4*i - 3*w = -80. Is i a multiple of 5?
False
Let y be 10/(-4) - 1/(-2). Let p be (-2 + y)*(1 - 7). Suppose -2 + p = t. Does 8 divide t?
False
Let k be (-1)/((-2)/2) - -22. Let j = k - 13. Is 5 a factor of j?
True
Suppose -3*g - 3*j + 5*j = 25, 3*j - 40 = 5*g. Let z(m) be the second derivative of -m**3/6 + 5*m**2/2 + m. Does 5 divide z(g)?
True
Suppose -14 = -5*s + 4*s. Suppose -5*f = -1 - s. Does 3 divide f?
True
Let q = 2 + 0. Is -1 - 0 - (q + -21) a multiple of 9?
True
Let n(j) = j**2 + 4*j + 12. Is n(6) a multiple of 24?
True
Is 3 a factor of (-1 - (-5)/3)*(-660)/(-40)?
False
Suppose -v + 4 - 1 = 0. Let k(b) = 3*b**3 - 3*b**v + 7 - 11*b + 3*b - 8*b**2 - b**3. Is 7 a factor of k(-7)?
True
Suppose 5*h + 9 = 34. Let x = 7 - h. Is 1 + 0 + 17 - x a multiple of 8?
True
Let d(y) = y**2 - 46. Does 9 divide d(-10)?
True
Suppose z + 6 = 4*z. Let w be 22*z/4 + 1. Let s = w - 2. Is s a multiple of 10?
True
Let x be (-2)/8 - (-46)/(-8). Let k(j) = 14*j**3 + 26*j**2 + 15*j + 15. Let m(o) = -5*o**3 - 9*o**2 - 5*o - 5. Let n(s) = x*k(s) - 17*m(s). Does 12 divide n(5)?
False
Let g = 21 - 30. Is 25 a factor of (g/6 - -1)*-50?
True
Let f = 92 - 65. Suppose 5 = -w + f. Is 11 a factor of w?
True
Let h(y) = -2*y**2 - 3*y + 2. Let s be h(2). Let o be 3/s - (-89)/4. Let z = o - 10. Is z a multiple of 11?
False
Let n(f) = -f**2. Let w be n(-4). Let a be w/(1/1) - -1. Is a/(-25) + (-64)/(-10) a multiple of 7?
True
Let f(z) = -9*z**2 - 31*z + 16. Let m(w) = -6*w**2 - 21*w + 11. Let t(a) = -5*f(a) + 7*m(a). Is 19 a factor of t(-6)?
True
Suppose -4*l + 0*l + 5*f = -1, 3 = f. Let 